rs of f(p).
2, 7
Let x(y) = -63*y + 105. Let u be x(-25). Suppose -14*c + u = -4634. What are the prime factors of c?
11, 41
Suppose -4*f + 8862 + 5817 = v, -5*v + 4*f = -73179. What are the prime factors of v?
3, 1627
Suppose 29*h + 64708 = 20*h + 37*h. List the prime factors of h.
2311
Let x = -7149 + 11733. List the prime factors of x.
2, 3, 191
Let m(c) = 99*c - 44. Let p be m(2). Let o be (-6)/(-21) - 984/14. Let v = p + o. List the prime factors of v.
2, 3, 7
Let v = 29382 + 15699. What are the prime factors of v?
3, 5009
Suppose -l = -3*s - 109, 4*s - 4*l + 140 = 8. Suppose -121*a + 5*j = -118*a - 216, 283 = 4*a - 5*j. Let o = s + a. What are the prime factors of o?
29
Suppose 7130 = 3*c + 21*r - 22*r, -4*r = -3*c + 7127. List the prime factors of c.
2377
Suppose 4*x + 8 = 6*x. Suppose 88 = x*l - 2*s, l - 4*s = -2*l + 56. Suppose -a + l - 5 = 0. What are the prime factors of a?
19
Suppose 6*m - 4*m - 3162 = -y, -2*m - 6342 = -2*y. What are the prime factors of y?
2, 3, 11
Let w = -12729 - -32414. What are the prime factors of w?
5, 31, 127
Let n = 33 + 81. Suppose 4*x + 4*y - 448 = 0, 2*x - y - 101 - n = 0. What are the prime factors of x?
109
Suppose 8*k + 362 + 190 = 0. Let f = -83 - k. List the prime factors of (-1253)/f - 1/(-2).
2, 3, 5
Let j = 93 + -3. List the prime factors of (j/50)/(9/2820).
2, 3, 47
Let z = -971 - -3218. What are the prime factors of z?
3, 7, 107
Let o = -150 + 178. What are the prime factors of 17059/o - (-2 + (-27)/(-12))?
3, 7, 29
Let j be (-5)/25 + 48/15. Suppose j*y - 19 = -4*k, k - 1 = y + 2*y. Suppose 36 = -k*t + 160. What are the prime factors of t?
31
Let r = 118 - 117. Suppose -5*t = -2*a - a - 12, 3*t + 3*a = 12. List the prime factors of t*r*(59 + 5).
2, 3
Let v(b) = -b**3 + 11*b**2 + 16*b + 5. Let n(r) = -r**2 - 1. Let m(d) = 3*n(d) + v(d). Let l be m(11). Let a = 311 + l. What are the prime factors of a?
2, 3, 7
Let l = 123 - 66. Suppose -6075 = -72*y + l*y. List the prime factors of y.
3, 5
Let k = 1 - 85. List the prime factors of 22/(((-64)/k)/8).
3, 7, 11
Let y = 78 + -78. Suppose -8*a + 4*a + 1312 = y. Suppose 5*t - a = t. What are the prime factors of t?
2, 41
Suppose -35*n + 31*n = 4. Let i be 3771/9*-2*n/2. Suppose 0 = -2*j - 2, c + j - i = -2*c. List the prime factors of c.
2, 5, 7
Let j be (-2)/5 + 102/30. Suppose -5*p = -j*v - 15, -20 = -4*p + v + 3*v. Suppose 5*x - 8 = -q + 6, p = -4*x - 3*q + 20. List the prime factors of x.
2
Let v be (-1 - -121)/(19 + -18). Let q = v - -18. What are the prime factors of q?
2, 3, 23
Let x be (-2)/(-4 - 30/(-8)). List the prime factors of x/(96/(-366))*-8.
2, 61
Let u be -4*32557/28*1. Let r = -3093 - u. List the prime factors of r.
2, 19, 41
Suppose -22 - 18 = 10*w. Let g be (206 + -8)/(3/w). Let u = g + 440. What are the prime factors of u?
2, 11
Suppose -33*o + 22*o = -50*o + 563121. What are the prime factors of o?
3, 4813
Let r(j) = 24*j**2 - 20*j + 36. Let h be r(2). Suppose -98*o + 3432 = -h*o. What are the prime factors of o?
2, 11, 13
Let r = 21767 - 12316. What are the prime factors of r?
13, 727
Let g be ((-198)/(-33))/(0 - 2) + 7. Suppose 0 = -v - 4*x + 8*x + 369, -5*x = g*v - 1413. List the prime factors of v.
3, 7, 17
Let l = -13 - -15. Let f be -15 + 15 + -2*-1*l. Suppose s + 269 = 4*k, f*s + 1 = 13. What are the prime factors of k?
2, 17
Suppose 4*v = 4*m + 84, 0*v + 20 = v - 2*m. Let p(b) = -b**3 + 22*b**2 + 55*b + 24. What are the prime factors of p(v)?
2, 617
What are the prime factors of 65/1625 + (-167699)/(-25)?
2, 3, 13, 43
Let t be (2 + -7289)/(1/(-2)). Suppose 13*g - t = -3225. List the prime factors of g.
3, 97
Let o = 69900 - 45818. What are the prime factors of o?
2, 12041
Let r = -185 + 187. Suppose 4*j - 1076 = s, r*j + 3*s - 434 = 104. What are the prime factors of j?
269
Suppose -i - 5*i - 161348 = -44*i. List the prime factors of i.
2, 11, 193
Suppose -2*i + 5*h = -11840, 19*i = 21*i + 3*h - 11856. What are the prime factors of i?
3, 5, 79
Let h(q) = -q**2 - 10*q - 19. Let t be h(-4). What are the prime factors of (t - 0 - -449) + -1?
3, 151
Let t(f) = 163*f - 2. Let p be t(3). Let h = p - 358. What are the prime factors of h?
3, 43
Suppose 2*l - 3*d - 12 = 0, 10 = 2*l - 4*d - 6. Suppose l = 3*q + 91 - 1156. What are the prime factors of q?
5, 71
Let b = 1970 + -654. List the prime factors of ((-6)/1)/((-2653)/b - -2).
2, 47
Let w(y) = 4 + 177*y + 4 - 10*y + 142*y. Let j be w(1). Let a = j + -79. List the prime factors of a.
2, 7, 17
Let i(u) = u**3 - 23*u**2 + 6*u - 33. Let z be i(23). Suppose -5*o + k + 212 = 0, -5*k + z - 4 = 2*o. Suppose 176 = p - o. List the prime factors of p.
3, 73
Let c(r) = r**2 + 8*r + 14. Suppose l + 5*i + 15 = 0, -3*l + 16 = -i + 77. Let s be -1 - l/4*-1. What are the prime factors of c(s)?
2
Let s be -3*(4 - (-55)/(-15)). List the prime factors of -128*((-54)/24 - s).
2, 5
Let g = -130 - -133. Suppose 9*y + 362 = 2*b + 13*y, 598 = g*b - 5*y. What are the prime factors of b?
191
What are the prime factors of (-840558)/(-184) - 2/(-32)*-4?
2, 571
Suppose -439*b + 63733 = -6133040 - 478222. List the prime factors of b.
5, 3041
What are the prime factors of (((-32)/(-40))/((-84)/4590))/((-3)/231)?
2, 3, 11, 17
Let v(s) = 6848*s + s**2 - 3*s**2 + 20*s**3 - 6840*s - 18. List the prime factors of v(2).
2, 3, 5
Let d(r) be the third derivative of r**6/120 - 7*r**5/20 + r**4 - 4*r**3 + 98*r**2. What are the prime factors of d(20)?
2, 7
Let t(y) = 3*y**2 + 13 - 4*y**2 + 6 - 7 - 17*y. Let a be t(-14). Suppose -3*o + 165 = -a. What are the prime factors of o?
73
What are the prime factors of (-20061550)/(-450) + 4/(-18) - (-5 - 0)?
2, 3, 2477
Let v be 12901/63 - (-6)/27. Let y be v/(-1)*16/(-10). Suppose -5*d + 9*d = y. What are the prime factors of d?
2, 41
Let a = -465 - 2195. What are the prime factors of ((-4)/(-5))/((-8)/a)?
2, 7, 19
Let v(j) = 5*j + 1. Let p be v(3). Suppose q + 4*r - 26 + 4 = 0, 4*q = 2*r + p. Suppose 609 = 13*c - q*c. What are the prime factors of c?
3, 29
Suppose -172 = -4*a - a + 2*l, 0 = 5*l + 5. Let o = a + -5. Suppose o*f + 18 = 32*f. What are the prime factors of f?
2, 3
Let g = -37 - -42. Suppose g*n = 329 + 441. Let o = 276 - n. List the prime factors of o.
2, 61
Suppose 5*n = y - 38, 4 = 5*n - 3*n. Suppose 1 = -o, -k - y = -4*o - 585. List the prime factors of k.
13, 41
Suppose 2*a - 7*t = -2*t - 22, -3*t = -6. Let v be -6 - a - 6/(-2). Suppose v*s - 4*d = 250, -s - 2*d = -0*s - 90. What are the prime factors of s?
2, 43
Let u = -116 + 121. Suppose 39 = u*g - 4*g. List the prime factors of 1653/13 - (-6)/g*-1.
127
Let s(r) = 7*r**3 + 18*r**2 - 58*r - 77. What are the prime factors of s(14)?
7, 3121
Suppose -227 = 5*j + 4*u + 3, -3*j - 5*u = 151. Let y = 1636 + j. What are the prime factors of y?
2, 797
Let q be ((-2)/(-8))/((-9)/12 - -1). What are the prime factors of ((-16300)/30 + q)*-3?
1627
Let k(g) = 3*g**3 + 5*g + 12. Let z be k(5). Let i = -155 + z. What are the prime factors of i?
257
Let k be (-1 - (-75)/(-10))*2. Let g be (2 - 0)/((-2)/k). Let s = g - -69. What are the prime factors of s?
2, 43
Let v = -60082 + 89657. Suppose -v = -46*h + 46831. What are the prime factors of h?
11, 151
Let u(q) = 11*q**2 - 2*q + 2. Let f be (0 - -1)*-6*(-35)/30. What are the prime factors of u(f)?
17, 31
Let h(u) = 1414*u + 948. What are the prime factors of h(14)?
2, 2593
Let c(q) = q**3 - 5*q**2 - 14*q - 7. Let n be c(7). Let p(j) be the first derivative of -j**4/4 - 2*j**3 + j**2/2 + 4*j - 1. List the prime factors of p(n).
2, 23
Suppose 0 = 5*r - 14*k - 152109, 8*r - 10*r - 3*k = -60921. What are the prime factors of r?
3, 17, 199
Suppose 448 = -5*t + 1503. Let m = -121 + t. What are the prime factors of m?
2, 3, 5
Suppose 0 = -t - 4*h + 62925, 8*t + 251658 = 12*t + 10*h. List the prime factors of t.
62897
Let n(c) = c**2 + 11*c + 40. Let y be n(-8). Let b(d) = -d**2 + 24*d - 57. What are the prime factors of b(y)?
71
Suppose 4*t = -0*t - 2*b + 16, 0 = 5*t - 5*b - 50. Suppose -2*p = -4*p + t, p - 1953 = -5*w. List the prime factors of w.
2, 3, 5, 13
Suppose 20*q + 31195 - 274695 = 0. List the prime factors of q.
5, 487
Let r(l) = 2*l**2 + 2*l - 714. Let i be r(0). Let c = 2336 + i. What are the prime factors of c?
2, 811
Let h(f) = 3317*f + 465. List the prime fact